2 - 5*o + 9. Suppose -314 + 258 = 8*z. Give i(z).
-5
Let w(s) = -s**2 - 69*s - s**3 + 50*s - 5 + 2*s**3. Calculate w(5).
0
Let b(h) = h**2 - 2*h**3 + 5 - h**2 - 3*h**3 - h + 4*h**3 + 9*h**2. Calculate b(9).
-4
Suppose 3 = 5*v - 7. Let c = v + -5. Let r(z) = z**2 + 3*z. What is r(c)?
0
Let j(h) be the second derivative of h**4/12 + 4*h**3/3 + 9*h**2/2 - 18*h - 4. What is j(-6)?
-3
Suppose -36 = 2*d - 40. Let k(q) = 2*q**3 - q - 1. Calculate k(d).
13
Let l be (-2)/6*(-13)/((-26)/(-42)). Let p(f) = -11*f**3 - f**2 + 6*f**2 + 10*f**3 - 2 + l*f - 1. What is p(6)?
3
Let c(g) = -14*g - 37. Let z(i) = -5*i - 14. Let a(l) = 3*c(l) - 8*z(l). What is a(-1)?
3
Let j(w) = -w**3 + 8*w**2 - 5 + 5*w**3 - 12*w**2 - 5*w**3 + 2*w**3. Determine j(4).
-5
Let r(p) = -4*p + 24. Let y be -15*(11 + 114/(-10)). Give r(y).
0
Let f(u) = u**3 + u**3 + 8*u - 212*u**2 + 440*u**2 - 3*u**3 - 11 - 223*u**2. What is f(6)?
1
Let k(h) = h**3 - 4*h**2 + 4*h - 6. Let g = 463 - 459. What is k(g)?
10
Suppose -40*u + 47*u = -14. Let a(n) = n**2 + n - 2. Give a(u).
0
Suppose -5*d + 49 = -141. Let f = -26 + d. Suppose -f*p + 17*p + 20 = 0. Let m(l) = -3*l - 6. Give m(p).
6
Let u(c) = -47*c + 19. Let g be u(-3). Let q = g + -156. Let n(f) = f**3 - 4*f**2 + 2*f - 5. Determine n(q).
3
Let o(t) = t**3 - 30*t**2 + 5. Suppose -3*p = 2*d - 69, 24*d + p - 33 = 23*d. What is o(d)?
5
Suppose 4*s + m = 29, 8 = s + 2*m - 8. Let p be (-4)/6 + (-120)/(-18). Let t(u) = 0*u - u**2 + 8*u + 0 - p. Determine t(s).
6
Let p(c) = 7*c**3 + 9*c**2 + 5*c - 8. Let k(i) = -6*i**3 - 7*i**2 - 4*i + 7. Let w(y) = -6*k(y) - 5*p(y). What is w(4)?
10
Let y(k) = -k**3 - k**2 - 2. Let q(j) = j - 5. Let v(h) = h**2 + 4*h - 3. Let b be v(-6). Let l be q(b). Let g = l - 4. What is y(g)?
-2
Let w = 10 + 0. Suppose n + 5*d = w, -3*n = -5*n - 3*d + 6. Let m(f) = 5 + n*f + f - 7*f + f**2. What is m(4)?
-3
Let v be 0 - -2 - (4 - -3). Let t = 21 + -19. Let l(j) = -t - 23*j + 7 + 25*j. Give l(v).
-5
Let x(q) be the second derivative of -q**4/12 + 5*q**3/3 + 7*q**2/2 + q - 29. Calculate x(9).
16
Let d(t) = t**2 - 2*t - 6. Suppose -3*i + 4*q - 2 = 0, -8*q + 11*q = -i - 5. Give d(i).
2
Let a(x) = 9*x**3 + 3*x**2 - 4*x + 2. Let u be ((-10)/150)/((-2)/30). Determine a(u).
10
Let g(o) = -o - 6. Let b be g(-5). Let t(y) = 3*y**3 + 7*y**2 - y + 4. Let q(d) = 7*d**3 + 16*d**2 - 2*d + 9. Let i(h) = 4*q(h) - 9*t(h). Determine i(b).
-1
Let j(l) = -l**3 - l**2 - l - 1. Let q(n) be the second derivative of -3*n**5/20 - 7*n**4/12 - n**3/3 + n**2 + 14*n. Let y(w) = 2*j(w) - q(w). Calculate y(-5).
-4
Let c(q) = -q - 1. Let z(g) = g**2 + 2*g + 2. Let k(y) = -4*c(y) - 3*z(y). Determine k(-2).
-10
Let w = 82 + -162. Let h = -85 - w. Let g(s) be the second derivative of -s**4/12 - 4*s**3/3 - 7*s**2/2 + 4*s. What is g(h)?
8
Let c(i) = 9*i + 7 + 0 - 446*i**2 + 447*i**2 + 9 + 9. Determine c(-6).
7
Let l(d) = -d**2 + 12*d + 5. Suppose 14*g = 8*g - 318. Let j = g - -65. Determine l(j).
5
Let w(u) = -5*u**3 - 4*u**2 + 2*u - 6. Let h(z) = z**3 + 1. Suppose 3*a - 4*a = -2*r - 4, 0 = 3*r + 15. Let q(c) = a*h(c) - w(c). Determine q(3).
3
Let h = 6 + -2. Let s(q) = -3*q - 30 - 21 - 24 + 79. Determine s(h).
-8
Let s(x) = 2*x**2 + 3*x**2 - 5*x + 4 - 6006*x**3 + 6007*x**3. Give s(-6).
-2
Let z(j) = 49*j - 101*j + 45*j + j**2 + 7. Calculate z(9).
25
Let c(t) be the first derivative of -t**4/4 + 5*t**3/3 - 2*t**2 + 2*t - 2. Let z = 21 - 21. Suppose -4*w = -z*w - 12. Calculate c(w).
8
Let u(h) = -3*h**3 + 5*h**2 + 5*h + 4. Let r be (9/2 + -3)*8/3. Let d(i) = -8*i**3 + 14*i**2 + 14*i + 11. Let t(f) = r*d(f) - 11*u(f). Determine t(-1).
-1
Let u(m) = m**3 + m**2 - 2. Let g(x) = -25 + 39 - 16 - 2*x - x**2. Let n be g(-2). Calculate u(n).
-6
Let h(w) = -w**3 + 15*w**2 + w - 12. Let a be h(15). Suppose a*q + 4 - 25 = 0. Let l(d) = -5*d - 10*d - 4 - d**3 - q*d**2 + 10*d. Give l(-6).
-10
Let i be 2/(-5) - (-310)/25. Suppose 5*d = v - 79, -v = 2*v - i. Let k = -21 - d. Let x(q) = -q**3 - 7*q**2 - 5*q + 5. Calculate x(k).
-1
Let k(t) = t**3 - 4 + 0*t - t - t**2 - 6. Let z(x) = 24*x**3 + 2*x**2 - 3*x + 2. Let y be z(1). Suppose 3*p - g = g - 10, -p = 5*g - y. What is k(p)?
-10
Let d(m) = 2*m - 42. Let u(s) = -146*s - 704. Let t be u(-5). Determine d(t).
10
Suppose 0 = 4*o - 3 - 17. Suppose -2*n - 3*n + 25 = 0, c - o*n = -28. Let f(y) = 3*y - 1. What is f(c)?
-10
Let z(y) be the second derivative of -y**4/2 - y**3/2 - 23*y. Give z(-2).
-18
Suppose 0 = -5*x - 0*x - 3*j - 35, 5*x = 4*j. Let d(t) = t - 200*t**2 + 3 + 201*t**2 + 0 + t. Give d(x).
11
Let j(f) be the second derivative of -f**6/40 + f**5/30 + f**4/24 - f**3/3 + 4*f**2 + 15*f. Let g(c) be the first derivative of j(c). Calculate g(2).
-16
Let l(t) be the second derivative of t**4/3 + t**3/6 - 5*t**2/2 - 97*t - 2. What is l(-3)?
28
Let b(c) = -8*c**3 + 2*c - 2*c - 42*c**2 + 43*c**2. Let j be b(1). Let z(h) = -h - 5. What is z(j)?
2
Let a(k) = -k**2 + 7*k - 5. Let z(d) = -d**2 + 9*d - 15. Let q be (-6 - 14/(-1)) + -5 + 1. Let i be z(q). Calculate a(i).
5
Let r(q) = -q**3 - 6*q**2 - 8*q - 13. Let f be r(-5). Let s(t) = -7*t + 3 - 4*t**2 + 6*t**f + 8*t - 3*t**2. What is s(4)?
-9
Let t(g) = -9*g + 8. Let s(u) = u - 1. Let d = -64 + 70. Let n(y) = d*t(y) + 51*s(y). Suppose 2*r - h - 8 = 0, -5*h + 6 - 26 = -5*r. Give n(r).
-15
Let v(y) = y**2 + 8*y + 4. Let a(q) = -2*q - 4. Let r be a(-7). Suppose -5*t = -4*m + 36, r = -2*t + t - 2*m. What is v(t)?
4
Let k(l) = 7*l**2 - 2*l. Let b(c) = 185*c + c**2 - 357*c + 186*c - 13. Let q be b(-15). What is k(q)?
24
Suppose 3*k + 5 - 23 = 0. Let g(q) be the second derivative of -q**3/6 + 3*q**2 - 2*q. Give g(k).
0
Let m(x) be the first derivative of -2*x**2 - x + 472. Give m(8).
-33
Suppose -5*s + 3 = 13. Let b be 4/(-12) - (-4)/3. Let g(w) = -2 - w + 0 - b - 3*w. Calculate g(s).
5
Let a(p) = 2*p + 6*p + 0 - 12*p + 4 - 1. Determine a(2).
-5
Let g(h) = -11*h**2 - 10*h + 9. Let c be g(1). Let w(b) = b**2 + 12*b + 15. What is w(c)?
15
Suppose 0 = 21*u + 135 - 93. Let g(x) = -2*x + 1. Calculate g(u).
5
Let v(h) = h + 9. Let b(u) = 4*u**2 - 3*u - 7. Let d be b(4). Suppose -4*i + m = -d, -3*i - 3*m + 13 = -2. Let x = 3 - i. What is v(x)?
2
Suppose 0 = 2*i - 2 - 4. Let x = 9 - 5. Let m(n) = 4*n - x + 5*n**2 + 0*n - n**2 - n**2 - n**3. What is m(i)?
8
Let y(s) = 16*s**3 - s**2 - 6*s - 26. Let k(x) = -13*x**3 + x**2 + 5*x + 24. Let t(i) = -5*k(i) - 4*y(i). What is t(0)?
-16
Let t = -6 - -10. Let c(w) = w - 3. Let s be c(t). Let g(u) = 5*u**2 - 2 - 3*u - s - 6*u**2. What is g(-2)?
-1
Let u(b) = b**3 + 7*b**2 - b - 5. Let s(p) = -11*p - 1. Let h be s(1). Let g be (-369)/54 + 2/h. What is u(g)?
2
Suppose -13*y = -15*y + 18. Let n(d) = -1 + 3 + y*d + d**3 + 2*d**2 - 10*d. Determine n(-3).
-4
Let x(b) = 13 - 24 + 10 - 3*b. What is x(-3)?
8
Let n(x) = -x**3 + 6*x**2 - 7*x + 6. Suppose 2*k + g = 10, 3*k - 5*g + 14 = k. Suppose -17 = -5*s + k. Determine n(s).
10
Let q(p) = -p - 2*p**3 + 4*p**3 + 8*p**2 + 11 - 3*p**3. Let z = -24 - -71. Suppose -z*v - 16 = -49*v. What is q(v)?
3
Suppose 2*z = 3*z - 4. Suppose 0 = z*v - 3 - 1. Let u(a) = 3*a + 4*a + v - 5*a + 0*a. Give u(-1).
-1
Let z(n) = 3*n**2 + 4. Let w(q) = -q**3 - 9*q**2 + 11*q + 10. Let f be w(-10). Determine z(f).
4
Let m(t) be the third derivative of -t**6/120 - 3*t**5/20 - 5*t**4/12 - 5*t**3/2 + 8*t**2 - 12*t. What is m(-8)?
1
Let w(t) = -t**3 - 2*t**2 + t. Let v be (-10)/(-75) + 34/(-30) + -1. Calculate w(v).
-2
Suppose -4*f + 2*r + 32 = -0*f, 2*f - 22 = 4*r. Let x(g) = -g - 9. What is x(f)?
-16
Let h(b) = -5*b**2 + 50*b + 6. Let z be h(10). Let p(f) = -f**2 + 8*f - 5. Determine p(z).
7
Suppose -3*x - 3*d = -0*x + 24, -3*x = -d + 32. Let s = 14 + x. Let a(i) = -2*i**2 - 3*i - i**3 - 3*i**2 - 2 + s - 2*i. Give a(-4).
6
Let g(p) = -4*p**3 - 5*p**2 - p - 1. Let o(v) = 17*v**3 + 21*v**2 + 4*v + 5. Let s(j) = 9*g(j) + 2*o(j). Let c = -2 + 5. Suppose 0 = -c*m - 0*m - 6. Give s(m).
7
Let w(s) = 21*s**2 + 51*s - 56*s - 1 - 26*s**2 - s**3. Calculate w(-5).
24
Suppose o - 5*v = -16, 6*o = 2*o - 3*v + 5. Let b be (o - -10)*(-4)/(-12). Let y(j) = -j**3 + 4*j**2 - 1. Give y(b).
8
Suppose -p + 4 = -2. Let d(w) = w**2 + 2*w - 3. Let h(b) = 4*b - 1 + 2 - 5*b. Let s(v) = p*h(v) + d(v). Calculate s(2).
-1
Let p(q) be the first derivative of q**3/3 - 8*q**2 - 5*q